nd 10700.
20
Calculate the highest common factor of 2369328 and 2080.
208
Calculate the greatest common divisor of 2424571 and 19.
19
What is the highest common factor of 13 and 27859?
13
Calculate the greatest common divisor of 141 and 134373.
141
Calculate the greatest common divisor of 26 and 35347.
13
Calculate the greatest common divisor of 314982 and 114.
114
What is the greatest common divisor of 405752 and 8?
8
Calculate the greatest common factor of 444 and 2368.
148
What is the greatest common factor of 1455 and 180?
15
Calculate the highest common factor of 11713 and 9503.
221
What is the greatest common divisor of 1060 and 1580?
20
Calculate the highest common divisor of 274 and 530.
2
What is the greatest common divisor of 106 and 8639?
53
Calculate the highest common factor of 318 and 5936.
106
Calculate the greatest common factor of 4700 and 241580.
940
What is the greatest common factor of 301 and 1267?
7
Calculate the greatest common factor of 154 and 484253.
77
What is the greatest common divisor of 30790 and 2?
2
What is the greatest common divisor of 8 and 1488400?
8
Calculate the greatest common factor of 735 and 350105.
245
Calculate the greatest common divisor of 6213 and 2507.
109
Calculate the greatest common factor of 2475 and 460449.
99
What is the greatest common divisor of 14546 and 154?
14
What is the highest common factor of 1732 and 632?
4
What is the greatest common divisor of 242 and 78650?
242
Calculate the highest common factor of 14070 and 4106430.
2010
Calculate the highest common divisor of 417682 and 291.
97
Calculate the greatest common divisor of 350 and 13720.
70
Calculate the greatest common divisor of 6143289 and 114.
57
What is the greatest common factor of 25 and 4243625?
25
What is the greatest common factor of 3541 and 5?
1
What is the greatest common divisor of 36079 and 109?
109
Calculate the highest common factor of 56 and 1987132.
28
What is the highest common divisor of 1307368 and 680?
136
What is the highest common divisor of 4005759 and 642?
321
What is the highest common factor of 61672 and 14352?
104
Calculate the highest common divisor of 76068 and 108.
36
Calculate the highest common factor of 2668 and 4554.
46
What is the greatest common factor of 27465 and 285?
15
What is the highest common divisor of 175 and 180425?
175
Calculate the greatest common divisor of 524 and 226630.
262
Calculate the highest common divisor of 350800 and 80.
80
What is the greatest common divisor of 270 and 5101290?
90
Calculate the highest common divisor of 348 and 142158.
174
What is the greatest common divisor of 91415 and 4465?
235
Calculate the greatest common factor of 56 and 9940.
28
Calculate the highest common factor of 1582014 and 588.
294
What is the highest common factor of 5600 and 602?
14
What is the greatest common factor of 342 and 777252?
114
What is the highest common divisor of 84943 and 17185?
491
What is the highest common factor of 361212 and 6882?
186
What is the greatest common divisor of 60 and 128460?
60
What is the greatest common factor of 8924 and 1012?
92
Calculate the greatest common divisor of 88743 and 6.
3
Calculate the greatest common factor of 2112 and 247296.
192
What is the greatest common divisor of 4505 and 7055?
85
Calculate the highest common factor of 257 and 880.
1
What is the highest common divisor of 5044120 and 1520?
760
What is the greatest common divisor of 333 and 4095?
9
Calculate the greatest common divisor of 1963924 and 92.
92
What is the highest common divisor of 154717 and 34?
17
Calculate the highest common divisor of 9263 and 30031.
59
What is the greatest common factor of 428636 and 208?
52
What is the greatest common divisor of 139469 and 13906?
409
Calculate the highest common factor of 1728 and 645984.
288
What is the greatest common divisor of 1175 and 118111?
47
What is the greatest common divisor of 36163 and 87?
29
What is the highest common factor of 13816 and 264?
88
Calculate the greatest common factor of 80640 and 770.
70
What is the highest common divisor of 10366 and 1168?
146
What is the greatest common factor of 156568 and 8?
8
Calculate the highest common divisor of 863128 and 28.
28
Calculate the greatest common divisor of 20397 and 507.
39
Calculate the greatest common divisor of 361098 and 3564.
162
What is the highest common factor of 13890 and 72691?
463
Calculate the greatest common factor of 1558432 and 248.
248
Calculate the highest common factor of 3935 and 675.
5
Calculate the highest common divisor of 6588 and 12200.
244
What is the greatest common divisor of 394095 and 107113?
2021
Calculate the highest common divisor of 154 and 98120.
22
Calculate the highest common divisor of 798 and 103702.
38
Calculate the highest common divisor of 23506 and 414.
46
What is the greatest common divisor of 3783 and 843027?
291
Calculate the highest common factor of 330 and 1903935.
165
Calculate the highest common factor of 1163508 and 12.
12
Calculate the highest common factor of 138952 and 33.
11
Calculate the highest common divisor of 296 and 24013.
37
Calculate the greatest common factor of 138 and 190118.
46
Calculate the highest common divisor of 1215 and 84807.
243
What is the greatest common factor of 50830 and 168912?
782
What is the greatest common factor of 7 and 17087?
7
Calculate the highest common divisor of 322 and 63158.
46
What is the highest common factor of 6065692 and 1082?
1082
Calculate the greatest common divisor of 28400 and 350.
50
Calculate the greatest common divisor of 18 and 5991.
3
What is the greatest common divisor of 471460 and 132?
44
Calculate the highest common factor of 81 and 4149.
9
Calculate the greatest common divisor of 1428 and 240.
12
What is the highest common divisor of 138 and 163369?
23
What is the highest common factor of 6978951 and 126?
63
What is the greatest common factor of 5368 and 165?
11
Calculate the greatest common divisor of 137 and 273589.
137
Calculate the greatest common divisor of 2274727 and 182.
91
Calculate the highest common divisor of 1232 and 406.
14
What is the greatest common factor of 66 and 30272?
22
Calculate the highest common divisor of 2334 and 6511082.
778
Calculate the highest common factor of 29382 and 294.
6
What is the greatest common factor of 27820 and 620?
20
What is the greatest common factor of 1486121 and 26?
13
Calculate the greatest common factor of 315007 and 88.
11
Calculate the greatest common factor of 3349 and 8471.
197
What is the greatest common divisor of 1408 and 1925?
11
Calculate the highest common factor of 800719 and 29.
29
What is the highest common divisor of 1045 and 5830?
55
What is the highest common divisor of 125492 and 2192?
548
What is the greatest common divisor of 2856 and 1071?
357
What is the greatest common factor of 1485 and 10131?
33
Calculate the highest common divisor of 732222 and 1026.
342
What is the highest common divisor of 96510 and 30?
30
What is the greatest common divisor of 5433 and 24?
3
Calculate the greatest common factor of 661960 and 40.
40
Calculate the greatest common divisor of 1805 and 3895.
95
Calculate the highest common divisor of 1728 and 22788.
108
Calculate the highest common factor of 495883 and 395.
79
What is the highest common divisor of 19890 and 4875?
195
What is the highest common factor of 1823288 and 3794?
542
What is the greatest common factor of 795 and 218095?
265
Calculate the highest common divisor of 205188 and 12.
12
What is the greatest common factor of 5668 and 11648?
52
Calculate the greatest common factor of 477 and 6095.
53
Calculate the greatest common factor of 92868 and 10082.
142
Calculate the greatest common factor of 9221619 and 33.
33
What is the greatest common divisor of 82140 and 43068?
444
Calculate the greatest common factor of 1327150 and 100.
50
Calculate the highest common factor of 105 and 2342165.
35
What is the highest common divisor of 28 and 1482082?
14
What is the greatest common divisor of 13124 and 476?
68
Calculate the highest common divisor of 5 and 11105.
5
What is the greatest common divisor of 80583 and 12?
3
Calculate the highest common divisor of 60 and 50695.
5
Calculate the highest common divisor of 1496 and 34221.
187
What is the hi